3 + 21*l**2 + 39*l + 22. Let f(j) = j**3 - 6*j**2 - 3*j + 7. Let h be f(-2). Let y be q(h). What is the greatest common divisor of y and 24?
3
Suppose -a + 3 = -4. Let t = 245377 - 245328. What is the greatest common divisor of t and a?
7
Suppose 0 = -5*m + 46*m + 410. Let k be 2*1*(-5)/m. What is the greatest common factor of k and 66?
1
Suppose 2*k + 26*k - 2653 = 6671. What is the highest common factor of k and 851?
37
Let o be ((-20104)/(-70))/((12/5)/6). Calculate the highest common divisor of 2 and o.
2
Let d(h) = 2*h**2 + 30*h + 116. Let l be d(0). What is the highest common factor of 52 and l?
4
Let a = 147 - 210. Let b be (-3 + 1)*(a/14 - 3). Calculate the highest common divisor of 3 and b.
3
Let g(m) = 27*m + 194. Let b be g(-6). Suppose 384 = -2*y + 5*y. What is the greatest common divisor of b and y?
32
Let p = -715 + 709. Let f(j) = -31*j - 137. Let b be f(p). Calculate the highest common factor of b and 21.
7
Let k(i) = -5*i - 3*i + 5*i**2 + 4*i - 5*i - 30. Let u be k(6). Let q be 8/u*-3 - 2666/(-8). Calculate the greatest common factor of q and 37.
37
Let t be -7 + (2 - 14) + 253. What is the greatest common divisor of t and 208?
26
Suppose -2*t = -4*j - 72, -18 = 4*t + 2*j - 162. Suppose 2*x = 6*x - 32. What is the greatest common factor of x and t?
4
Let g(y) = -1944*y - 11644. Let d be g(-6). What is the highest common divisor of d and 1055?
5
Suppose 0 = 5*w - s - 85178, 0 = 5*w - 3*s - 53398 - 31766. What is the highest common divisor of 9 and w?
9
Let u be (-1 + (-1)/(-5))/(22/(-440)). Let i be (-1265)/(-7) + 7/(98/4). Suppose 4*s - 11 = i. Calculate the highest common factor of u and s.
16
Let q(n) = 12*n**2 + 2*n + 20. Let s be q(-4). Suppose -9*i = -15*i + s. Calculate the highest common factor of 102 and i.
34
Suppose 2*o + 2*u - 96 = 0, -5*u + 206 = 3*o + 58. Let s(q) = 35*q**2 + 34*q - 282. Let y be s(4). Calculate the highest common divisor of y and o.
46
Suppose 133*z = 214*z + 443*z - 196500. Let o = 29 - 14. Calculate the highest common divisor of z and o.
15
Suppose 111*h - 4920 + 1590 = 0. What is the greatest common factor of 5625 and h?
15
Let t(k) = -179*k + 617. Let i be t(3). Calculate the highest common factor of i and 6576.
16
Let m be 302/4 + (-11 - (-399)/38). What is the greatest common factor of m and 775?
25
Let a = 177 + -86. Let g = 932 - 911. Calculate the highest common divisor of a and g.
7
Suppose -v = -k - 254, -31*k + 28*k = -5*v + 1268. What is the greatest common divisor of v and 1311?
23
Suppose -5*y + 24 = -y. Suppose -y*c + 42 + 42 = 0. Let a(n) = 4*n + 28. Let o be a(0). What is the greatest common divisor of o and c?
14
Let w(i) = i**3 - 7*i**2 - 32*i + 22. Let f be w(10). Suppose -f*n + 130 = 3*d, -n - 4*d - 212 = -4*n. Calculate the highest common factor of n and 204.
68
Let q = -56862 + 109695. What is the highest common divisor of 33 and q?
33
Suppose -72 + 407 = 5*r + 5*o, o + 51 = r. What is the highest common divisor of 13039 and r?
59
Let l(o) = 82*o**3 + 7*o**2 - 5. Let x be l(1). Calculate the highest common factor of x and 448.
28
Let c(m) = 3*m**2 - m + 1. Let d be c(-2). Suppose 13 - 1 = 6*r. Suppose -r*f = -299 + 59. What is the greatest common divisor of f and d?
15
Suppose 26*l - 40*l = 5642. Let b be 14738/26 - 62/l. What is the greatest common factor of 63 and b?
63
Let n be 4/(-22) - 120/132*-119. Let u = 45 - 27. What is the highest common factor of n and u?
18
Let v = 595 + -1081. Let y = v - -1747. Calculate the highest common divisor of 97 and y.
97
Let k = 40 - 42. Let w be k - ((-16)/4 - -4). Let c be -18*w*3/9. What is the greatest common factor of 24 and c?
12
Suppose 0 = -25*z + 595 + 5. Let l be (-18)/24 + 882/z. Calculate the greatest common factor of l and 45.
9
Let i = -487 + 564. Suppose -509 = -11*s - 146. What is the highest common divisor of i and s?
11
Let x = -484 + 521. Let v be -3 + -5 + 3 + (-2028)/(-6). What is the highest common factor of x and v?
37
Suppose -5*g + 2*j + 707 = 0, g - 402*j + 407*j = 163. Calculate the greatest common factor of g and 539.
11
Suppose -784 = -3*z + 4*c, 3*z - 53*c = -55*c + 832. Calculate the greatest common factor of 5032 and z.
136
Let w be 174270/85 - (-184)/(-782). Calculate the greatest common divisor of w and 150.
50
Let b = 313 + -297. Suppose b*f = f + 1200. Calculate the greatest common factor of 50 and f.
10
Let h = 2383 - 1098. Suppose -5*q = -1035 - h. What is the highest common factor of 29 and q?
29
Suppose -5*r + 128 = f, 3*f + r - 3*r = 299. Let n = -87 + f. Calculate the greatest common factor of 752 and n.
16
Suppose 3*v - 99 = -3*b, -2*v + 9 = b - 24. Suppose 3*m = -2*u + 222 - 81, -2*m + 10 = 0. Let t = b + u. Calculate the greatest common divisor of 24 and t.
24
Let c(n) = -n**2 - 30*n + 19. Let h be c(-29). Suppose 2*j + 10 - h = 0. Let v = 327 + -213. What is the highest common divisor of j and v?
19
Let f be 29/(-4)*(-33)/99*240. What is the greatest common factor of f and 2140?
20
Let p = 238 - 198. Suppose 8*l - p = -16. Calculate the greatest common factor of 21 and l.
3
Let i(l) be the second derivative of -l**5/20 - 31*l**4/12 - 6*l**3 - 27*l**2 - 3*l + 42. Let n be i(-30). What is the greatest common divisor of n and 98?
14
Suppose -6*u + 150 = 9*u. Let h be (6 - 450)/(-4) - 1. What is the highest common divisor of h and u?
10
Let s = -1526 + 1016. Let x = 530 + s. Calculate the greatest common factor of x and 260.
20
Suppose 158 = -p + 154. Let o be p/(-6)*(3 - -21). Let a = -28 - -44. What is the highest common divisor of a and o?
16
Let f(q) = 25*q + 9. Let z be f(2). Let u = z - 58. Let o(w) = w**3 + w**2 - 2*w + 1. Let s be o(1). What is the greatest common factor of u and s?
1
Let g(z) = -4*z**2 + 8*z - 14. Let s(n) = -7*n**2 + 17*n - 28. Let b(j) = -5*g(j) + 3*s(j). Let d be b(6). What is the highest common divisor of 464 and d?
16
Let o = 1150 - 556. Let z = -537 + o. What is the highest common factor of 228 and z?
57
Let k(b) = b**2 - 11*b + 36. Let m be k(6). Let h be (106/m)/(10/30). Calculate the highest common divisor of 1 and h.
1
Let k be 76/(-3)*(7 - 4 - 189/28). Calculate the highest common divisor of 4370 and k.
95
Let b = -46708 + 46729. Suppose 0 = -5*l, l = -s + 2*l + 7. Calculate the greatest common factor of s and b.
7
Suppose -m = -3, -s - 2*m + 6 = -4. Suppose s*j + 8 = 0, -973 = -5*u - 3*j - 339. Calculate the greatest common factor of u and 8.
8
Let t be 2/(-9) + 415620/405. Calculate the highest common factor of 4 and t.
2
Let w(c) = -c**2 - 69*c - 481. Let m be w(-48). Calculate the highest common divisor of m and 272.
17
Let o = 4204 + -4009. What is the greatest common divisor of o and 221?
13
Let i be (-6)/14 + 440/308. Let u(c) = 385*c**3 - 2*c**2 - 5*c + 6. Let t be u(i). Calculate the greatest common divisor of t and 16.
16
Suppose 37 - 69 = -s. Suppose -34 = -u - 2*w, 0 = u - 0*w + 3*w - s. Suppose -u = -a - 28. Calculate the highest common divisor of 15 and a.
5
Suppose 26857*z - 26869*z + 84996 = 0. Calculate the greatest common divisor of z and 18.
9
Let w be ((-2)/(-6))/(6/180). Suppose -w = -a + 2. Let o be ((-2)/(-4))/(3/648). Calculate the highest common factor of a and o.
12
Suppose -43 = 3*o - 16. Let h be o/(-2)*1120/35. Calculate the highest common factor of 48 and h.
48
Suppose -10*l = 22024 - 72784. Calculate the greatest common divisor of l and 141.
141
Suppose -221 = -5*p + c, -12*p + 13*p = 2*c + 46. Let k = 106 - 158. Let b be (-1840)/(-6) + k/(-39). What is the greatest common factor of p and b?
44
Suppose 2*s - 44 = -6. Suppose 484*b - 21355 = 95486 + 2707. Calculate the greatest common divisor of s and b.
19
Let s be 2/5 + 98305*3/25. Calculate the highest common divisor of s and 94.
47
Suppose -2*m - 4*v = 16, 2*v = -2*m + 3*v - 11. Let k be (-39)/m + 7 - 2/4. What is the greatest common factor of k and 377?
13
Let x(f) = -19*f**2 - 718*f - 36. Let d be x(-35). What is the greatest common factor of 856 and d?
107
Suppose -8*q + 340 = 100. Let m = -25 + 9. Let t = q + m. Calculate the greatest common factor of t and 7.
7
Suppose -i - 24 = -5*a, 2*i - a = -10 + 7. Suppose -3*w = 9, -4*w = g - 3*w. Calculate the greatest common factor of i and g.
1
Suppose -x = -5*q + 799 + 2245, 0 = q - 4*x - 624. Suppose q = 18*a - 562. Wh